
What is the tens digit of 94028994?
9
What is the millions digit of 33012790?
3
What is the thousands digit of 17162234?
2
What is the ten thousands digit of 174823238?
2
What is the millions digit of 15490555?
5
What is the hundreds digit of 13347717?
7
What is the ten millions digit of 982474916?
8
What is the ten thousands digit of 185804790?
0
What is the units digit of 19602873?
3
What is the ten millions digit of 84866408?
8
What is the hundred thousands digit of 856181878?
1
What is the millions digit of 44242366?
4
What is the hundred thousands digit of 390742973?
7
What is the tens digit of 615457512?
1
What is the thousands digit of 274685060?
5
What is the millions digit of 3276755231?
6
What is the units digit of 918048428?
8
What is the hundred thousands digit of 119698141?
6
What is the units digit of 46750797?
7
What is the hundred thousands digit of 3292924265?
9
What is the millions digit of 29072962?
9
What is the ten millions digit of 838103727?
3
What is the units digit of 65931578?
8
What is the thousands digit of 1080995227?
5
What is the tens digit of 412125188?
8
What is the hundreds digit of 68521350?
3
What is the tens digit of 30777412?
1
What is the ten thousands digit of 170216141?
1
What is the ten thousands digit of 563778590?
7
What is the units digit of 509840868?
8
What is the ten thousands digit of 2000142?
0
What is the hundreds digit of 1022292916?
9
What is the ten thousands digit of 3260970286?
7
What is the thousands digit of 369846371?
6
What is the units digit of 1439905081?
1
What is the tens digit of 24229763?
6
What is the hundred thousands digit of 3562682594?
6
What is the ten thousands digit of 10867088?
6
What is the tens digit of 5426586696?
9
What is the hundreds digit of 2537211?
2
What is the hundred millions digit of 1175402931?
1
What is the hundreds digit of 567081270?
2
What is the thousands digit of 1599985457?
5
What is the thousands digit of 53241189?
1
What is the thousands digit of 275787676?
7
What is the tens digit of 4810400157?
5
What is the hundreds digit of 70610407?
4
What is the thousands digit of 578807103?
7
What is the tens digit of 46660193?
9
What is the ten millions digit of 79991832?
7
What is the tens digit of 6173296?
9
What is the millions digit of 3491546?
3
What is the tens digit of 18564845?
4
What is the millions digit of 131968558?
1
What is the thousands digit of 53461146?
1
What is the tens digit of 25899551?
5
What is the millions digit of 154277567?
4
What is the ten thousands digit of 113173698?
7
What is the ten millions digit of 38291534?
3
What is the tens digit of 872351902?
0
What is the hundreds digit of 37945081?
0
What is the tens digit of 103320680?
8
What is the thousands digit of 3086124358?
4
What is the hundred thousands digit of 142385564?
3
What is the tens digit of 487055674?
7
What is the units digit of 552903262?
2
What is the ten millions digit of 1453962264?
5
What is the hundred thousands digit of 23452284?
4
What is the millions digit of 15610413?
5
What is the ten millions digit of 312848578?
1
What is the billions digit of 2704608084?
2
What is the ten thousands digit of 63634051?
3
What is the units digit of 196238776?
6
What is the millions digit of 131682296?
1
What is the thousands digit of 610065754?
5
What is the tens digit of 63079686?
8
What is the units digit of 3060705541?
1
What is the units digit of 7585548428?
8
What is the units digit of 1057380037?
7
What is the millions digit of 1932096460?
2
What is the thousands digit of 50628292?
8
What is the millions digit of 1648339172?
8
What is the ten thousands digit of 145824861?
2
What is the tens digit of 90495450?
5
What is the hundred millions digit of 241204681?
2
What is the thousands digit of 492798829?
8
What is the tens digit of 2426074671?
7
What is the ten millions digit of 90860039?
9
What is the thousands digit of 94599221?
9
What is the hundreds digit of 26184816?
8
What is the units digit of 1208407545?
5
What is the units digit of 3303552139?
9
What is the hundred thousands digit of 185872669?
8
What is the ten millions digit of 216958869?
1
What is the hundreds digit of 151481589?
5
What is the millions digit of 57724750?
7
What is the hundred thousands digit of 1567437342?
4
What is the ten thousands digit of 185670035?
7
What is the tens digit of 70248746?
4
What is the units digit of 3810612?
2
What is the hundreds digit of 32340595?
5
What is the hundreds digit of 54920077?
0
What is the units digit of 168872803?
3
What is the hundred millions digit of 103107471?
1
What is the ten millions digit of 182153926?
8
What is the units digit of 9561457538?
8
What is the units digit of 106480654?
4
What is the thousands digit of 16397080?
7
What is the ten thousands digit of 44681620?
8
What is the hundred thousands digit of 1824713785?
7
What is the hundred thousands digit of 4097057?
0
What is the millions digit of 82406731?
2
What is the ten thousands digit of 1592828562?
2
What is the ten thousands digit of 34520172?
2
What is the ten millions digit of 715125172?
1
What is the hundreds digit of 445757615?
6
What is the ten millions digit of 812262565?
1
What is the hundred millions digit of 1546867642?
5
What is the hundred thousands digit of 5482576358?
5
What is the tens digit of 49337587?
8
What is the tens digit of 1568254593?
9
What is the hundred millions digit of 175402574?
1
What is the ten millions digit of 4254858359?
5
What is the units digit of 1487820734?
4
What is the ten millions digit of 5132917706?
3
What is the hundred millions digit of 1303139873?
3
What is the hundred thousands digit of 418019658?
0
What is the tens digit of 90488171?
7
What is the ten thousands digit of 19991920?
9
What is the ten millions digit of 284921097?
8
What is the billions digit of 1136101957?
1
What is the hundred thousands digit of 513408542?
4
What is the tens digit of 262051267?
6
What is the ten thousands digit of 351827107?
2
What is the units digit of 1452190902?
2
What is the hundreds digit of 23548064?
0
What is the billions digit of 2298702622?
2
What is the millions digit of 204529224?
4
What is the units digit of 2351857224?
4
What is the units digit of 3536892?
2
What is the millions digit of 2168031?
2
What is the tens digit of 45885633?
3
What is the millions digit of 1088525646?
8
What is the tens digit of 101809164?
6
What is the hundred thousands digit of 129866986?
8
What is the units digit of 472414043?
3
What is the hundreds digit of 100157872?
8
What is the millions digit of 13747791?
3
What is the ten millions digit of 15397825?
1
What is the hundred thousands digit of 1079612960?
6
What is the hundred thousands digit of 636045484?
0
What is the millions digit of 48314854?
8
What is the millions digit of 16498867?
6
What is the hundreds digit of 965265081?
0
What is the ten millions digit of 38468253?
3
What is the hundred millions digit of 901146483?
9
What is the hundreds digit of 281804212?
2
What is the tens digit of 840576382?
8
What is the ten millions digit of 1010976096?
1
What is the tens digit of 223196331?
3
What is the ten millions digit of 102209642?
0
What is the ten millions digit of 541370484?
4
What is the hundred thousands digit of 137062468?
0
What is the tens digit of 321772613?
1
What is the ten thousands digit of 3896761699?
6
What is the hundred thousands digit of 305516277?
5
What is the hundreds digit of 817838773?
7
What is the hundred thousands digit of 207255470?
2
What is the millions digit of 680372996?
0
What is the hundred thousands digit of 105855675?
8
What is the ten thousands digit of 6151955819?
5
What is the ten millions digit of 308077260?
0
What is the ten millions digit of 1012201145?
1
What is the hundreds digit of 61302348?
3
What is the ten millions digit of 351422479?
5
What is the units digit of 22318676?
6
What is the ten thousands digit of 2381786359?
8
What is the thousands digit of 246292849?
2
What is the tens digit of 76862234?
3
What is the ten millions digit of 650138552?
5
What is the hundreds digit of 162904037?
0
What is the units digit of 1873710332?
2
What is the hundreds digit of 566404311?
3
What is the units digit of 373906498?
8
What is the units digit of 776110870?
0
W